14) to base 16.
-241a0
-17c1a9 (base 13) to base 9
-1111134
What is -469a6 (base 14) in base 16?
-2a006
Convert -10401300 (base 5) to base 2.
-10110001011001001
What is 1202432411 (base 5) in base 9?
5206834
12410134 (base 8) to base 5
1201203300
-14638065 (base 9) to base 11
-4129041
1889a2 (base 11) to base 10
290028
Convert -106970 (base 10) to base 4.
-122013122
Convert -512624 (base 10) to base 12.
-2087a8
What is -100010110200101 (base 3) in base 9?
-10113611
What is 73fd4 (base 16) in base 10?
475092
48e249 (base 15) to base 13
952863
What is -53653 (base 12) in base 5?
-12003131
Convert -170664 (base 8) to base 9.
-103781
-110677 (base 12) to base 3
-111202002101
Convert -200011222200 (base 3) to base 10.
-357930
What is -24476046 (base 8) in base 6?
-311510314
What is b9050 (base 13) in base 10?
334009
What is -202251 (base 14) in base 8?
-4100377
-233332203 (base 4) to base 16
-2ffa3
What is -1222000211222 (base 3) in base 12?
-42408b
Convert 9949896 (base 10) to base 15.
d181b6
What is -33413131 (base 5) in base 7?
-2335310
-8b4143 (base 12) to base 14
-41d25d
1001120100112 (base 3) to base 8
2112214
20033030230 (base 4) to base 12
8817a4
21265323 (base 7) to base 13
4b6c63
1027629 (base 12) to base 5
1234243244
-2949eb (base 16) to base 14
-506187
What is 21643 (base 7) in base 5?
133340
What is -2450651 (base 8) in base 5?
-133120030
Convert -14201512 (base 7) to base 2.
-101000100010011011110
What is -164644 (base 10) in base 4?
-220030210
111101111000111 (base 2) to base 9
47417
Convert 10314300 (base 6) to base 14.
7d4ba
What is 32141004 (base 5) in base 13?
966a4
Convert -15330213 (base 7) to base 12.
-5aa500
-13332045 (base 6) to base 7
-3542621
1b3707 (base 15) to base 4
11010031111
What is 100100111000100 (base 2) in base 8?
44704
What is -1337761 (base 8) in base 11?
-238121
Convert -10111111001111110 (base 2) to base 3.
-11222022121
What is -28b7af (base 16) in base 6?
-133105555
What is 6192152 (base 10) in base 13?
138a5c5
What is -31020204 (base 6) in base 8?
-3310454
Convert 230234233 (base 5) to base 3.
1221001002201
What is 1201131 (base 8) in base 13?
b6565
What is 1281d5 (base 15) in base 6?
31011202
30231522 (base 6) to base 8
3217012
4074546 (base 10) to base 16
3e2c32
Convert 16446 (base 15) to base 14.
1c277
What is -1200020021002 (base 3) in base 10?
-890300
44227 (base 11) to base 4
33222133
Convert 365eaa (base 16) to base 7.
42200163
What is 3324323024 (base 5) in base 16?
6ecb56
-14505151 (base 6) to base 9
-851814
352172 (base 14) to base 13
4b55c7
Convert -200331350 (base 6) to base 14.
-642386
What is -3144332330 (base 5) in base 6?
-354124542
What is 1514170 (base 9) in base 8?
3141323
What is 1011100101110100100011 (base 2) in base 5?
1234212444
-11424332 (base 5) to base 12
-52678
What is -400140310 (base 5) in base 12?
-637639
-6354522 (base 10) to base 6
-344111030
What is -13306154 (base 7) in base 14?
-23dc9b
What is -1441124231 (base 5) in base 9?
-7215363
-3c3c (base 16) to base 6
-155220
122222000010 (base 3) to base 16
56520
Convert -213222321 (base 4) to base 10.
-162489
2602a (base 13) to base 8
211304
What is 76e33 (base 15) in base 5?
44042243
What is 4218a6 (base 14) in base 15?
2e1791
Convert 131933 (base 10) to base 8.
401535
Convert -153214 (base 14) to base 6.
-23455110
What is -1111110101100111001101 (base 2) in base 14?
-7a1061
What is -12860 (base 16) in base 9?
-125062
4786705 (base 9) to base 7
31033043
61147 (base 12) to base 6
2412531
Convert -59a54 (base 11) to base 15.
-1a938
-417103 (base 11) to base 14
-13578a
What is 1111011000111001 (base 2) in base 6?
1203453
-645703 (base 9) to base 11
-243086
What is -726832 (base 14) in base 16?
-3ae4dc
Convert 777063 (base 8) to base 10.
261683
What is 110211202121 (base 3) in base 13?
8b0a5
40201314 (base 5) to base 2
1001101110111101111
Convert 202342 (base 9) to base 13.
42713
1109a7 (base 11) to base 2
101011001100000010
Convert 33a5a5 (base 14) to base 2.
110101101000001100101
Convert 100101010100101011001 (base 2) to base 16.
12a959
101210102200 (base 3) to base 15
42e39
-a58181 (base 11) to base 8
-6355555
-3013444 (base 5) to base 13
-18b03
11794493 (base 10) to base 11
6726417
Convert 9773356 (base 10) to base 5.
10000221411
What is -99d12b (base 16) in base 4?
-212131010223
-1512245 (base 8) to base 2
-1101001010010100101
-aa0a44 (base 11) to base 9
-3268681
Convert -6f653 (base 16) to base 7.
-3610151
-1773310 (base 8) to base 5
-113200203
Convert 9b686 (base 14) to base 5.
44032342
134728 (base 11) to base 12
a225b
Convert 5199 (base 11) to base 14.
271a
Convert -294919 (base 12) to base 9.
-1264853
Convert -2031112102 (base 4) to base 2.
-10001101010110010010
-df8f (base 16) to base 4
-31332033
What is -21debe (base 15) in base 3?
-10001010112022
Convert -680012 (base 9) to base 5.
-101004133
Convert 21020311231 (base 4) to base 3.
11111201000021
Convert 56201 (base 15) to base 8.
1026642
What is -134522 (base 11) in base 4?
-303133233
Convert -402043323 (base 5) to base 6.
-54120105
-20101102200222 (base 3) to base 14
-644c51
Convert -1ed39 (base 15) to base 6.
-2054530
2764991 (base 10) to base 14
51d915
Convert 332013223 (base 4) to base 16.
3e1eb
-1c25d (base 14) to base 13
-268c7
-3582316 (base 9) to base 6
-105354540
What is 55132525 (base 7) in base 4?
102003000220
Convert a94a54 (base 11) to base 2.
110101010111110001000
What is -2120112221222 (base 3) in base 12?
-560322
What is -10110010110000100 (base 2) in base 4?
-112112010
Convert 29766 (base 13) to base 16.
13152
What is 7700173 (base 8) in base 7?
23355654
Convert -1a91095 (base 12) to base 5.
-2422202034
What is -2179d5 (base 14) in base 3?
-2010200020022
Convert 23464 (base 15) to base 8.
333361
What is -1281403 (base 13) in base 6?
-324155211
56130 (base 7) to base 14
5217
Convert 34212 (base 12) to base 3.
10112020012
-2f263a (base 16) to base 6
-150121242
What is -72d617 (base 14) in base 7?
-44652330
1336b73 (base 12) to base 10
3806727
What is 22202001012 (base 3) in base 14?
469d2
Convert 2135120 (base 6) to base 9.
171483
What is 84dc2 (base 15) in base 9?
712302
Convert -16443462 (base 8) to base 16.
-3a4732
What is 1011000111011111100 (base 2) in base 14?
96a84
What is -301155 (base 10) in base 12?
-126343
What is d994 (base 14) in base 3?
1220112100
What is -c887c (base 14) in base 3?
-220121202222
What is -112211000 (base 3) in base 10?
-10800
What is 8247584 (base 9) in base 12?
158317a
Convert -124ec (base 15) to base 14.
-17465
-526662 (base 8) to base 7
-1330526
What is -2320033 (base 6) in base 11?
-81662
What is -2098196 (base 10) in base 16?
-200414
What is b88c34 (base 13) in base 3?
22011002212201
44631245 (base 7) to base 6
215003515
-19c3b (base 15) to base 10
-83756
d2a9 (base 15) to base 14
122d6
Convert -1010102102222 (base 3) to base 2.
-10010010001100110000
What is -10011111000100101010 (base 2) in base 6?
-21544254
What is -31322013322 (base 4) in base 5?
-1413132241
Convert 10002200220 (base 3) to base 6.
1150253
Convert -2051677 (base 13) to base 10.
-9799732
What is 5426136 (base 7) in base 10?
662409
What is -165142135 (base 7) in base 15?
-ed97a1
220030405 (base 6) to base 4
32331303011
2102002202002 (base 3) to base 16
138d73
116166515 (base 7) to base 4
123331000112
What is -1434202030 (base 5) in base 12?
-13420b3
Convert -3323232002 (base 4) to base 5.
-230443132
Convert -11100110111100001100 (base 2) to base 3.
-1210001120112
-10350625 (base 7) to base 5
-211330112
Convert 100010100000000010011 (base 2) to base 3.
2010102202221
2dc908 (base 14) to base 11
9aa485
Convert -617667 (base 15) to base 11.
-2684061
-470225 (base 8) to base 10
-159893
Convert -2183 (base 14) to base 2.
-1011010100111
Convert 120063 (base 12) to base 3.
112202022210
-c0e57 (base 15) to base 16
-951ac
10769766 (base 10) to base 16
a45566
22031230 (base 4) to base 5
2314321
-131303123 (base 4) to base 15
-26285
What is -c97f8 (base 16) in base 6?
-25405000
Convert -507030 (base 9) to base 15.
-5e000
1b25a8 (base 13) to base 2
10101000101010011001
What is 4266655 (base 9) in base 6?
121013122
2035703 (base 11) to base 5
1410011200
Convert -200c93 (base 15) to base 5.
-342142323
What is -a0285 (base 13) in base 5?
-33123212
101011041 (bas